 the remainder when 28 is divided by c?
4
Suppose 4*m - 47 + 7 = 0. Suppose -4*k - m = 10. What is the remainder when (-82)/k + (-4)/10 is divided by 9?
7
Suppose -4*c + 0*z = 4*z - 152, 0 = -2*c - 3*z + 77. Calculate the remainder when c is divided by 14.
9
Let q(f) = f**2 + 3*f + 6. Calculate the remainder when 19 is divided by q(-4).
9
Let q = 11 + 9. Let f(p) = -11*p - 7. What is the remainder when f(-6) is divided by q?
19
Let v(s) = 2*s**3 - 5*s**3 + s - 2*s + 4*s**3 + s**2. Let f be v(0). Suppose f = 2*h - 34. Calculate the remainder when h is divided by 9.
8
Let t(s) = s - 6. Let n be t(3). Let c be (-2)/6 + 37/3. Let m = c - n. Calculate the remainder when m is divided by 8.
7
Let v = -5 + 23. Let a(n) = -n**2 + 9*n - 7. Calculate the remainder when v is divided by a(7).
4
Suppose -24*o + 23*o = -24. Calculate the remainder when 44 is divided by o.
20
Suppose 2*j = -2*j + 100. Let b(l) = 2*l + 9. What is the remainder when j is divided by b(2)?
12
Suppose 0 = -k + 2 + 18. Let y(h) = h**2 - 6*h - 2. Calculate the remainder when y(-4) is divided by k.
18
Let x = -81 + 24. Let a = 93 + x. Suppose k - a = -3*k. Calculate the remainder when k is divided by 5.
4
Let l be (4/10)/(2/(-5)). Suppose c + 5*i = 10, 4*c - 1 - 7 = -4*i. What is the remainder when 50 is divided by (17*-1)/(l - c)?
16
Suppose -24 = 3*j + j. Suppose 5*m + 2*s + 22 = 0, -3*s = -m + 4*m + 6. What is the remainder when 26 is divided by (21/j - -2)*m?
8
Let o(b) = -6*b + 2. What is the remainder when o(-2) is divided by 6?
2
Suppose 3*p = -2*p + 2*i + 16, -2*p = 5*i - 18. Let c(r) = 6*r + 5. Calculate the remainder when c(p) is divided by 10.
9
Let o be (14/(-8))/(2/8). Let y = o + 9. Calculate the remainder when 74 is divided by -2 - 3/y*-18.
24
Suppose 2*n + 9 = -n, 0 = -3*g + n + 24. Let k(f) = 8*f + 6*f**2 + 5 + 0*f**3 + f**3 - 2*f**3. Calculate the remainder when k(g) is divided by 7.
5
Suppose 4*h = 4*r + 24, 6 = -0*r + 2*r. Let x = 27 - h. Calculate the remainder when x is divided by 0 - (-7 - (-1 - -4)).
8
Let b = 7 - 6. Suppose -3*j + 2*j - b = 0. Calculate the remainder when (6 - 5)/(j/(-19)) is divided by 7.
5
Calculate the remainder when 122 is divided by 19 - ((-4)/(-12) + 8/12).
14
Suppose 5*s - 6 - 4 = 0. Suppose s*c = 136 + 64. Suppose c = -2*r + 7*r. What is the remainder when 39 is divided by r?
19
Let s = -102 - -160. What is the remainder when s is divided by 20?
18
Suppose -9 + 110 = 2*f - 3*y, -2*f = 4*y - 122. Calculate the remainder when f is divided by 29.
26
Let x be (-9)/(-15) + (-24)/(-10). Suppose x*p = -p + 28. Suppose -p*k + 110 = -2*k. Calculate the remainder when k is divided by 8.
6
Let y(g) = -g**3 + 5*g**2 - 2*g + 2. Calculate the remainder when 38 is divided by y(4).
8
Suppose o - 3*k = 6, -4*k = -2*o - 2*o + 8. Suppose h + 2*h - 270 = o. What is the remainder when h is divided by 31?
28
Let z = 81 - 58. Calculate the remainder when z is divided by 12.
11
Let r(y) = 2*y**2 - 5. Let p be r(-4). Let j = p - 8. What is the remainder when j is divided by 5?
4
Let z = -2 - -18. Let a(f) = 8*f**2 - 7*f - 17. Calculate the remainder when a(-2) is divided by z.
13
Calculate the remainder when 26 is divided by 2 + 14*(-2)/(-4).
8
Let g be (3/(-2))/(-3)*0. Suppose -5*c + 0*t = -5*t - 85, 4*t + 4 = g. Let o = 80 - 50. Calculate the remainder when o is divided by c.
14
Let b(r) = r**3 + r + 30. Calculate the remainder when b(0) is divided by 17.
13
Let g(h) be the third derivative of h**4/3 - h**3/6 + h**2. Let l be g(6). Let y = l + -28. Calculate the remainder when 56 is divided by y.
18
Suppose -5*w = -70 - 60. Suppose 3*x - 5*x = 6. Let d = x - -12. Calculate the remainder when w is divided by d.
8
Let n(d) be the second derivative of d**5/20 - d**4/12 - d**3/2 - 3*d. Let f(t) = -t**3 + 5*t**2 - 4*t + 3. What is the remainder when n(3) is divided by f(4)?
0
Let x be 2/5 + (-8)/(-5). What is the remainder when 3 + 32*x + -2 is divided by 17?
14
Suppose 5*o = 3*o + 18. What is the remainder when 17 is divided by o?
8
Let r = -19 - -70. Let x = 9 + 4. What is the remainder when r is divided by x?
12
What is the remainder when (-1698)/(-30) - 3/5 is divided by 19?
18
Let f(x) = 3*x - 2. Let r be f(2). Suppose 0 = -2*q + r + 10. Calculate the remainder when q is divided by 1 + 1 + -1 + 3.
3
Let r = -2 - -6. Suppose 4*q = y + 91, r*q + y - 35 - 50 = 0. What is the remainder when 8/(-2 - (-34)/16) is divided by q?
20
Let z(j) be the third derivative of -1/24*j**4 + 0*j + 2*j**2 + 11/15*j**5 + 0 + 0*j**3. What is the remainder when z(1) is divided by 15?
13
Let g = -174 + 196. What is the remainder when g is divided by 14?
8
Calculate the remainder when 7 is divided by (-4 + 0/(-4))/(1*-4).
0
Let u = 10 - 6. Suppose -3*r + 3*q = r - 11, -4*q = -u*r + 12. Suppose -4*d + 54 - r = 0. Calculate the remainder when 37 is divided by d.
11
Let s = -15 + 33. Let j = -37 + 59. Suppose 3*f = 3*d - s, -5*f - j + 8 = -d. What is the remainder when d is divided by 2?
0
Suppose 0 = -0*s - 3*s + 9. Suppose 5*f + 4 = 9. Suppose 0 = 2*o - f - 9. Calculate the remainder when o is divided by s.
2
Let p = 7 - -9. Suppose -50 = -5*h - 2*y, -4*y = -h - h - 4. Suppose -4*x - 36 = -h*x. Calculate the remainder when p is divided by x.
7
Suppose -4*o - 5*a + 121 = -0*a, o - a - 28 = 0. Suppose 5*r - 20 = 3*r. What is the remainder when o is divided by r?
9
Suppose -4 = -w + 8. Suppose l = 4*l - w. Calculate the remainder when 13 is divided by l.
1
Suppose -2*y + 3*c = -331, -5*c + 7 = 3*y - 480. Calculate the remainder when y is divided by 42.
38
Let t = -53 - -125. Suppose 5*m - t = m. Calculate the remainder when 34 is divided by m.
16
What is the remainder when 11/(1/(-24)*-3) is divided by 30?
28
Let y be (-4 - 8)*(-81)/(-12). Let b = 143 + y. What is the remainder when b is divided by 21?
20
Let u(s) = 7*s**3 - 3*s**2 + 7*s + 2. Let g(i) = -6*i**3 + 2*i**2 - 6*i - 2. Let w(t) = 6*g(t) + 5*u(t). Calculate the remainder when 1 is divided by w(-3).
0
Let o = 43 - 15. What is the remainder when 79 is divided by o?
23
Suppose -i + 5*j = 4*j - 14, 3*j = 5*i - 62. Suppose -o - o = -58. What is the remainder when o is divided by i?
9
Let x be (-26)/(-3) + 4/3. Let f = 4 + x. What is the remainder when f is divided by 8?
6
Let d = 125 + -70. What is the remainder when d is divided by 14?
13
Let i(y) = -22*y + 9. What is the remainder when i(-4) is divided by 20?
17
Suppose 20 = -5*w + 65. What is the remainder when 62 is divided by w?
8
Suppose 4*s = 3*l, 5*s - 17 - 2 = -l. Suppose -7*d + 16 = -s*d. What is the remainder when d is divided by 6*1/(-6)*-2?
0
Let x be 89 + 0 + 3/(-1). Suppose y - g + x = 3*y, 2*g - 4 = 0. What is the remainder when y is divided by 11?
9
Suppose -3*d = 2*d - 305. What is the remainder when d is divided by 21?
19
Let f(c) = -c**2 + 8*c - 8. Calculate the remainder when 5 is divided by f(6).
1
Suppose 2*a - 6*a = -40. Let y = a + -7. What is the remainder when 6 is divided by y?
0
Let d(p) be the first derivative of p**2 + 3*p + 1. Let c = -9 + 15. Calculate the remainder when d(c) is divided by 8.
7
Suppose -4*j + 9 = -3*z, -2*z - 3*j - 5 = 1. Suppose -a + 4*a = g - 1, 4*g - 16 = 0. Calculate the remainder when 12 - a/(z/9) is divided by 8.
7
Suppose 0 = -4*v - 32 + 120. What is the remainder when ((-51)/(-12))/((-2)/(-8)) is divided by -2 + (-3)/((-6)/v)?
8
Suppose -6*i = 8 + 28. What is the remainder when 50 is divided by 68/2*i/(-12)?
16
Let b = 12 - -9. Let h = 1 + b. What is the remainder when 85 is divided by h?
19
Suppose 2*h - 268 = -84. Calculate the remainder when h is divided by 19.
16
Let h = 3 + -42. Let p = h - -73. What is the remainder when p is divided by 9?
7
Let u = 13 - -2. Suppose -q - 72 = 2*o - 187, 3*o - q - 170 = 0. Calculate the remainder when o is divided by u.
12
Suppose 4*s = 2*s + 3*h + 35, s - h = 17. Let v(m) = -1 - m**2 + 9*m + 2*m**2 + 2*m**2 - 2*m**2. Calculate the remainder when s is divided by v(-10).
7
Let n(k) = -k**2 + 14*k - 13. Let c be ((-122)/(-4))/((-2)/(-4)). Suppose 3*g - c = 68. What is the remainder when g is divided by n(12)?
10
Suppose 2*r + 3*r = -10. Suppose -21 = 4*a + 135. Let x = r - a. Calculate the remainder when x is divided by 13.
11
Suppose 2*l + 2*a + 5 = -3*a, 5*l - 34 = 3*a. What is th